{"id":91,"date":"2025-10-08T06:06:49","date_gmt":"2025-10-08T06:06:49","guid":{"rendered":"https:\/\/comexsa.net\/?post_type=product&#038;p=91"},"modified":"2026-02-11T09:17:35","modified_gmt":"2026-02-11T09:17:35","slug":"%f0%9f%a5%96-rebozador-tex-mex","status":"publish","type":"product","link":"https:\/\/comexsa.net\/?product=%f0%9f%a5%96-rebozador-tex-mex","title":{"rendered":"Rebozador TEX MEX"},"content":{"rendered":"","protected":false},"excerpt":{"rendered":"<p data-start=\"140\" data-end=\"509\"><br data-start=\"175\" data-end=\"178\" \/>El <strong data-start=\"181\" data-end=\"202\">Rebozador TEX MEX<\/strong> combina panes rallados seleccionados con una mezcla exclusiva de <strong data-start=\"268\" data-end=\"303\">especias y colorantes naturales<\/strong>, logrando un <strong data-start=\"317\" data-end=\"346\">color anaranjado vibrante<\/strong> y un <strong data-start=\"352\" data-end=\"374\">aroma irresistible<\/strong>.<\/p>\n<p data-start=\"140\" data-end=\"509\">Su textura fina y homog\u00e9nea proporciona un rebozado crujiente y sabroso con un punto picante caracter\u00edstico del estilo <strong data-start=\"495\" data-end=\"506\">Tex-Mex<\/strong>.<\/p>\n<p data-start=\"511\" data-end=\"679\">Ideal para <strong data-start=\"522\" data-end=\"562\">rebozar, empanar o integrar en masas<\/strong> de hamburguesas, alb\u00f3ndigas o productos c\u00e1rnicos, aportando un sabor aut\u00e9ntico y diferenciador a cada elaboraci\u00f3n.<\/p>\n<p data-start=\"681\" data-end=\"850\">\u2705 <strong data-start=\"683\" data-end=\"700\">Ingredientes:<\/strong> Harina de trigo, agua, levadura, especias y colorantes (curcumina y extracto de piment\u00f3n).<\/p>\n<p data-start=\"681\" data-end=\"850\"><br data-start=\"791\" data-end=\"794\" \/>\u26a0\ufe0f <strong data-start=\"797\" data-end=\"817\">Contiene gluten.<\/strong><\/p>\n<p data-start=\"681\" data-end=\"850\"><br data-start=\"817\" data-end=\"820\" \/>\ud83d\udce6 <strong data-start=\"823\" data-end=\"848\">Formatos disponibles:<\/strong><\/p>\n<ul data-start=\"851\" data-end=\"1195\">\n<li data-start=\"851\" data-end=\"888\">\n<p data-start=\"853\" data-end=\"888\">Bolsas de polietileno de <strong data-start=\"878\" data-end=\"886\">4 kg<\/strong><\/p>\n<\/li>\n<li data-start=\"889\" data-end=\"955\">\n<p data-start=\"891\" data-end=\"955\">Sacos de papel o pl\u00e1stico alimentario de <strong data-start=\"932\" data-end=\"941\">10 kg<\/strong> y <strong data-start=\"944\" data-end=\"953\">20 kg<\/strong><\/p>\n<\/li>\n<li data-start=\"956\" data-end=\"1195\">\n<p data-start=\"958\" data-end=\"1195\">Botes de pl\u00e1stico alimentario de <strong data-start=\"991\" data-end=\"999\">3 kg<\/strong><\/p>\n<\/li>\n<\/ul>\n<p>&nbsp;<\/p>\n<p data-start=\"958\" data-end=\"1195\">\u23f3 <strong data-start=\"1004\" data-end=\"1018\">Vida \u00fatil:<\/strong> <strong data-start=\"1019\" data-end=\"1031\">12 meses<\/strong> desde la fecha de fabricaci\u00f3n.<\/p>\n<p data-start=\"958\" data-end=\"1195\"><br data-start=\"1062\" data-end=\"1065\" \/>\ud83c\udfe0 <strong data-start=\"1068\" data-end=\"1087\">Almacenamiento:<\/strong> Conservar en <strong data-start=\"1101\" data-end=\"1124\">lugar fresco y seco<\/strong>, protegido de la luz y de toda contaminaci\u00f3n, en su envase original.<\/p>\n","protected":false},"featured_media":876,"template":"","meta":{"_eb_attr":"","_regular_price":[],"currency_symbol":[]},"product_brand":[],"product_cat":[17],"product_tag":[],"class_list":{"0":"post-91","1":"product","2":"type-product","3":"status-publish","4":"has-post-thumbnail","6":"product_cat-panes-rallados","8":"first","9":"instock","10":"taxable","11":"shipping-taxable","12":"purchasable","13":"product-type-variable"},"post_slider_layout_featured_media_urls":{"thumbnail":["https:\/\/comexsa.net\/wp-content\/uploads\/2025\/10\/WhatsApp-Image-2026-01-28-at-15.48.48-7-150x150.jpeg",150,150,true],"post_slider_layout_landscape_large":["https:\/\/comexsa.net\/wp-content\/uploads\/2025\/10\/WhatsApp-Image-2026-01-28-at-15.48.48-7-1152x800.jpeg",1152,800,true],"post_slider_layout_portrait_large":["https:\/\/comexsa.net\/wp-content\/uploads\/2025\/10\/WhatsApp-Image-2026-01-28-at-15.48.48-7.jpeg",1152,970,false],"post_slider_layout_square_large":["https:\/\/comexsa.net\/wp-content\/uploads\/2025\/10\/WhatsApp-Image-2026-01-28-at-15.48.48-7.jpeg",1152,970,false],"post_slider_layout_landscape":["https:\/\/comexsa.net\/wp-content\/uploads\/2025\/10\/WhatsApp-Image-2026-01-28-at-15.48.48-7-600x400.jpeg",600,400,true],"post_slider_layout_portrait":["https:\/\/comexsa.net\/wp-content\/uploads\/2025\/10\/WhatsApp-Image-2026-01-28-at-15.48.48-7-600x900.jpeg",600,900,true],"post_slider_layout_square":["https:\/\/comexsa.net\/wp-content\/uploads\/2025\/10\/WhatsApp-Image-2026-01-28-at-15.48.48-7-600x600.jpeg",600,600,true],"full":["https:\/\/comexsa.net\/wp-content\/uploads\/2025\/10\/WhatsApp-Image-2026-01-28-at-15.48.48-7.jpeg",1152,970,false]},"_links":{"self":[{"href":"https:\/\/comexsa.net\/index.php?rest_route=\/wp\/v2\/product\/91","targetHints":{"allow":["GET"]}}],"collection":[{"href":"https:\/\/comexsa.net\/index.php?rest_route=\/wp\/v2\/product"}],"about":[{"href":"https:\/\/comexsa.net\/index.php?rest_route=\/wp\/v2\/types\/product"}],"wp:featuredmedia":[{"embeddable":true,"href":"https:\/\/comexsa.net\/index.php?rest_route=\/wp\/v2\/media\/876"}],"wp:attachment":[{"href":"https:\/\/comexsa.net\/index.php?rest_route=%2Fwp%2Fv2%2Fmedia&parent=91"}],"wp:term":[{"taxonomy":"product_brand","embeddable":true,"href":"https:\/\/comexsa.net\/index.php?rest_route=%2Fwp%2Fv2%2Fproduct_brand&post=91"},{"taxonomy":"product_cat","embeddable":true,"href":"https:\/\/comexsa.net\/index.php?rest_route=%2Fwp%2Fv2%2Fproduct_cat&post=91"},{"taxonomy":"product_tag","embeddable":true,"href":"https:\/\/comexsa.net\/index.php?rest_route=%2Fwp%2Fv2%2Fproduct_tag&post=91"}],"curies":[{"name":"wp","href":"https:\/\/api.w.org\/{rel}","templated":true}]}}